{"id":193,"date":"2016-03-10T10:44:30","date_gmt":"2016-03-10T10:44:30","guid":{"rendered":"http:\/\/okthemes.com\/villenoirdemo\/?page_id=193"},"modified":"2021-04-08T10:53:53","modified_gmt":"2021-04-08T08:53:53","slug":"homepage","status":"publish","type":"page","link":"https:\/\/gonzalezcabezas.com\/","title":{"rendered":"Inicio"},"content":{"rendered":"<div class=\"wpb-content-wrapper\"><p>[vc_row full_width=\u00bbstretch_row_content_no_spaces\u00bb equal_height=\u00bbyes\u00bb content_placement=\u00bbmiddle\u00bb css=\u00bb.vc_custom_1521895569843{padding-top: 0% !important;padding-bottom: 30px !important;background-position: center !important;background-repeat: no-repeat !important;background-size: contain !important;}\u00bb el_class=\u00bbgg-force-background-left\u00bb][vc_column offset=\u00bbvc_col-lg-6 vc_col-md-6&#8243; css=\u00bb.vc_custom_1521895471109{padding-top: 0% !important;}\u00bb][vc_single_image image=\u00bb1322&#8243; img_size=\u00bbfull\u00bb css=\u00bb.vc_custom_1521895795723{margin-bottom: 0px !important;}\u00bb][\/vc_column][vc_column css=\u00bb.vc_custom_1520763680116{margin-bottom: 0px !important;padding-top: 20% !important;padding-right: 20% !important;padding-bottom: 20% !important;padding-left: 30px !important;}\u00bb offset=\u00bbvc_col-lg-6 vc_col-md-6&#8243;][vc_column_text]\n\t<div class=\"title-subtitle-box \" style=\" margin-bottom:90px; text-align: left;\">\n\t\t<p  style=\"\">BODEGAS GONZ\u00c1LEZ CABEZAS<\/p>\n\t\t<h1 style=\" font-style: normal;\">Viticultores por Naturaleza<\/h1>\n\t<\/div> [vc_column_text]Viticultores por naturaleza y de abuelos agricultores, la Familia Gonz\u00e1lez Cabezas adquiri\u00f3 su primera vi\u00f1a en la d\u00e9cada de los a\u00f1os 60, en Casas Ib\u00e1\u00f1ez-Albacete, en la comarca de \u00abla Manchuela\u00bb.<\/p>\n<p>El clima Mediterr\u00e1neo, de inviernos fr\u00edos y veranos secos y calurosos, con notables cambios de temperatura entre el d\u00eda y la noche, junto con unos terrenos de calidad excelente, hacen que esta regi\u00f3n sea una de las mejores del mundo para el cultivo de la vid.[\/vc_column_text][vc_single_image image=\u00bb1120&#8243; img_size=\u00bbfull\u00bb css=\u00bb.vc_custom_1520707162730{margin-top: 90px !important;margin-bottom: 0px !important;}\u00bb][\/vc_column][\/vc_row][vc_row css=\u00bb.vc_custom_1520773591891{padding-top: 20px !important;padding-bottom: 20px !important;}\u00bb el_id=\u00bbvinedos\u00bb][vc_column width=\u00bb1\/2&#8243;]\n\t<div class=\"title-subtitle-box \" style=\" text-align: left;\">\n\t\t<p  style=\" color:#b0976d; \">NUESTROS VI\u00d1EDOS<\/p>\n\t\t<h1 style=\" color:#000000;  font-style: normal;\">Las mejores uvas en el mejor momento<\/h1>\n\t<\/div> [vc_column_text]Actualmente contamos con m\u00e1s de 600 hect\u00e1reas de terreno, la mayor\u00eda dedicadas al cultivo de la vi\u00f1a, ubicadas todas ellas en la comarca de <strong>\u201cLa Manchuela\u201d<\/strong>.\u00a0 En el cultivo de la vid combinamos tradici\u00f3n y mecanizaci\u00f3n, respetando siempre el medioambiente, ya que empleamos t\u00e9cnicas de cultivo de agricultura ecol\u00f3gica.[\/vc_column_text][\/vc_column][vc_column width=\u00bb1\/2&#8243;][vc_single_image image=\u00bb1151&#8243; img_size=\u00bb600&#215;600&#8243; alignment=\u00bbcenter\u00bb css=\u00bb.vc_custom_1520878256843{padding-top: 0px !important;}\u00bb][\/vc_column][\/vc_row][vc_row equal_height=\u00bbyes\u00bb content_placement=\u00bbmiddle\u00bb css=\u00bb.vc_custom_1521912601353{padding-top: 40px !important;padding-bottom: 40px !important;}\u00bb][vc_column css=\u00bb.vc_custom_1520710491744{padding-top: 10% !important;padding-right: 20% !important;padding-bottom: 10% !important;padding-left: 20% !important;background-image: url(https:\/\/gonzalezcabezas.com\/wp-content\/uploads\/2016\/03\/box-promo-pattern.png?id=1051) !important;background-position: 0 0 !important;background-repeat: repeat !important;}\u00bb offset=\u00bbvc_col-lg-6 vc_col-md-6&#8243;][vc_single_image image=\u00bb1050&#8243; img_size=\u00bbfull\u00bb alignment=\u00bbcenter\u00bb][vc_column_text]<\/p>\n<p style=\"text-align: center;\">El cultivo exclusivo en secano, junto con el uso de fertilizantes naturales y el no empleo de herbicidas ni de productos fitosanitarios de s\u00edntesis, a\u00f1adido al terreno y la climatolog\u00eda, hacen que nuestras uvas sean de excelente calidad. Adem\u00e1s, la mecanizaci\u00f3n, permite que todas las labores se realicen en el momento id\u00f3neo, con lo que podemos tener en bodega <strong>las mejores uvas en el mejor momento<\/strong>, con unos rendimientos medios que no superan los 6.000 kilogramos por hect\u00e1rea.<\/p>\n<p>[\/vc_column_text][\/vc_column][vc_column css=\u00bb.vc_custom_1460369664258{margin-top: 0px !important;margin-right: 0px !important;margin-bottom: 0px !important;margin-left: 0px !important;padding-top: 0px !important;padding-right: 0px !important;padding-bottom: 0px !important;padding-left: 0px !important;}\u00bb offset=\u00bbvc_col-lg-6 vc_col-md-6&#8243;][vc_single_image image=\u00bb1164&#8243; img_size=\u00bbfull\u00bb css=\u00bb.vc_custom_1520763808630{margin-bottom: 0px !important;}\u00bb][\/vc_column][\/vc_row][vc_row full_width=\u00bbstretch_row\u00bb css=\u00bb.vc_custom_1521911397794{background-image: url(https:\/\/gonzalezcabezas.com\/wp-content\/uploads\/2018\/03\/panoramica-bodega.jpg?id=1336) !important;background-position: center !important;background-repeat: no-repeat !important;background-size: cover !important;}\u00bb][vc_column][\/vc_column][\/vc_row][vc_row css=\u00bb.vc_custom_1521892564532{padding-top: 80px !important;padding-bottom: 0px !important;}\u00bb el_id=\u00bbbodegas\u00bb][vc_column]\n\t<div class=\"title-subtitle-box \" style=\" padding: 40 px; text-align: center;\">\n\t\t<p  style=\" color:#b0976d; \">NUESTRA BODEGA<\/p>\n\t\t<h1 style=\" font-style: normal;\">La mejor Tecnolog\u00eda para producir los mejores vinos<\/h1>\n\t<\/div> [\/vc_column][\/vc_row][vc_row equal_height=\u00bbyes\u00bb content_placement=\u00bbmiddle\u00bb css=\u00bb.vc_custom_1521912803351{padding-top: 40px !important;padding-bottom: 40px !important;background-position: 0 0 !important;background-repeat: repeat !important;}\u00bb][vc_column css=\u00bb.vc_custom_1521912733551{margin-top: 0px !important;margin-right: 0px !important;margin-bottom: 0px !important;margin-left: 0px !important;padding-top: 0px !important;padding-right: 0px !important;padding-bottom: 0px !important;padding-left: 0px !important;background-position: 0 0 !important;background-repeat: repeat !important;}\u00bb offset=\u00bbvc_col-lg-6 vc_col-md-6&#8243;][vc_single_image image=\u00bb1328&#8243; img_size=\u00bbfull\u00bb css=\u00bb.vc_custom_1521912963187{margin-bottom: 0px !important;}\u00bb][\/vc_column][vc_column css=\u00bb.vc_custom_1521912943413{padding-top: 10% !important;padding-right: 20% !important;padding-bottom: 10% !important;padding-left: 20% !important;background-image: url(https:\/\/gonzalezcabezas.com\/wp-content\/uploads\/2016\/03\/box-promo-pattern.png?id=1051) !important;background-position: 0 0 !important;background-repeat: repeat !important;}\u00bb offset=\u00bbvc_col-lg-6 vc_col-md-6&#8243;][vc_column_text]<\/p>\n<h4>M\u00e1s de 10 millones de kg de uva<\/h4>\n<p>Nuestras instalaciones est\u00e1n preparadas para transformar m\u00e1s de<strong> 10.000.000 de kilogramos<\/strong> de uva proveniente de nuestros propios vi\u00f1edos y de de las explotaciones de otros 120 viticultores de la comarca. Todos nuestros dep\u00f3sitos son de acero inoxidable, en los procesos de fermentaci\u00f3n se controla la temperatura, disponemos de equipos de prensado neum\u00e1tico y una vez finalizada la fermentaci\u00f3n, todos los vinos son centrifugados y\/o filtrados, para aumentar la calidad.[\/vc_column_text][\/vc_column][\/vc_row][vc_row css=\u00bb.vc_custom_1521915361007{padding-top: 80px !important;padding-bottom: 20px !important;}\u00bb el_id=\u00bbvinos\u00bb][vc_column]\n\t<div class=\"title-subtitle-box \" style=\" text-align: center;\">\n\t\t<p  style=\" color:#b0976d; \">NUESTROS VINOS<\/p>\n\t\t<h1 style=\" font-style: normal;\">7 Millones de litros al a\u00f1o<\/h1>\n\t<\/div> [vc_separator color=\u00bbcustom\u00bb accent_color=\u00bb#b0976d\u00bb css=\u00bb.vc_custom_1520765335492{padding-top: 0px !important;padding-bottom: 0px !important;}\u00bb][vc_column_text css=\u00bb.vc_custom_1521913753041{padding-top: 0px !important;padding-bottom: 60px !important;}\u00bb]<\/p>\n<p style=\"text-align: center;\">Producimos hasta 7.000.000 de litros al a\u00f1o, correspondiendo el 80% a vino tinto y el resto a vino blanco, rosado y mostos frescos o azufrados. Nuestras variedades tintas son bobal, tempranillo, graciano, garnacha, syrah, cabernet franc y cabernet sauvignon; y las blancas, verdejo, moscatel de alejandr\u00eda y macabeo. Los vinos obtenidos tienen graduaciones comprendidas entre <strong>10,5\u00ba y 15,5\u00ba<\/strong> y pr\u00e1cticamente todos se comercializan a granel.<\/p>\n<p style=\"text-align: center;\">Pueden ser entregados en rama, centrifugados o filtrados (&lt; 5 NTU). Si el cliente final lo desea, tambi\u00e9n pueden ser estabilizados, encontr\u00e1ndose el <strong>producto listo para embotellar y consumir<\/strong>.<\/p>\n<p style=\"text-align: center;\">Contamos con un laboratorio propio donde realizamos todas las determinaciones necesarias para garantizar la calidad del producto.<\/p>\n<p>[\/vc_column_text][vc_media_grid element_width=\u00bb2&#8243; grid_id=\u00bbvc_gid:1617871994103-32a6297c2bfd5ab8c911b9625999c623-2&#8243; include=\u00bb1350,1354,1353,1352,1351,1360&#8243;][\/vc_column][\/vc_row][vc_row full_width=\u00bbstretch_row_content_no_spaces\u00bb css=\u00bb.vc_custom_1521892644948{margin-bottom: 0px !important;padding-top: 0% !important;}\u00bb][vc_column]\n\t<div class=\"title-subtitle-box \" style=\" text-align: center;\">\n\t\t<h2 style=\" font-style: normal;\">Nuestras Certificaciones<\/h2>\n\t<\/div> [\/vc_column][vc_column width=\u00bb1\/6&#8243;][\/vc_column][vc_column width=\u00bb1\/6&#8243;][vc_single_image image=\u00bb1309&#8243; img_size=\u00bb150&#215;100&#8243; alignment=\u00bbcenter\u00bb][\/vc_column][vc_column width=\u00bb1\/6&#8243;][vc_single_image image=\u00bb1305&#8243; img_size=\u00bb150&#215;100&#8243; alignment=\u00bbcenter\u00bb][\/vc_column][vc_column width=\u00bb1\/6&#8243;][vc_single_image image=\u00bb1306&#8243; img_size=\u00bb150&#215;100&#8243; alignment=\u00bbcenter\u00bb][\/vc_column][vc_column width=\u00bb1\/6&#8243;][vc_single_image image=\u00bb1307&#8243; img_size=\u00bb150&#215;100&#8243; alignment=\u00bbcenter\u00bb][\/vc_column][\/vc_row][vc_row full_width=\u00bbstretch_row_content_no_spaces\u00bb equal_height=\u00bbyes\u00bb content_placement=\u00bbmiddle\u00bb css=\u00bb.vc_custom_1521915390187{padding-top: 0px !important;padding-bottom: 10px !important;background-color: #f1f1f1 !important;}\u00bb][vc_column width=\u00bb7\/12&#8243; offset=\u00bbvc_col-lg-8 vc_col-md-8&#8243; css=\u00bb.vc_custom_1460370683208{padding-right: 60px !important;}\u00bb][vc_single_image image=\u00bb1312&#8243; img_size=\u00bbfull\u00bb el_class=\u00bbforce-90-width-large-screen\u00bb][\/vc_column][vc_column width=\u00bb5\/12&#8243; css=\u00bb.vc_custom_1520765036622{padding-top: 10% !important;padding-right: 10% !important;padding-bottom: 10% !important;padding-left: 10% !important;background: #ffffff url(https:\/\/gonzalezcabezas.com\/wp-content\/uploads\/2016\/03\/triangles-icn.png?id=315) !important;background-position: 0 0 !important;background-repeat: no-repeat !important;}\u00bb offset=\u00bbvc_col-lg-4 vc_col-md-4&#8243;][vc_column_text]\n\t<div class=\"title-subtitle-box \" style=\" text-align: left;\">\n\t\t<p  style=\"\">Variedades<\/p>\n\t\t<h2 style=\" font-style: normal;\">Nuestros Tintos<\/h2>\n\t<\/div> \n\t<div class=\"gg_list list_style_line   \">\n<ul>\n<li>Bobal<\/li>\n<li>Tempranillo<\/li>\n<li>Garnacha<\/li>\n<li>Graciano<\/li>\n<li>Syrah<\/li>\n<li>Cabernet Franc<\/li>\n<li>Cabernet Suvignon<\/li>\n<\/ul>\n<\/div>[\/vc_column_text][\/vc_column][\/vc_row][vc_row full_width=\u00bbstretch_row_content_no_spaces\u00bb equal_height=\u00bbyes\u00bb content_placement=\u00bbmiddle\u00bb css=\u00bb.vc_custom_1520766634689{margin-bottom: 0px !important;padding-top: 0px !important;padding-bottom: 15px !important;background-color: #f1f1f1 !important;}\u00bb][vc_column width=\u00bb5\/12&#8243; css=\u00bb.vc_custom_1520765022043{padding-top: 10% !important;padding-right: 10% !important;padding-bottom: 10% !important;padding-left: 10% !important;background: #ffffff url(https:\/\/gonzalezcabezas.com\/wp-content\/uploads\/2016\/03\/triangles-icn.png?id=315) !important;background-position: 0 0 !important;background-repeat: no-repeat !important;}\u00bb offset=\u00bbvc_col-lg-4 vc_col-md-4&#8243;][vc_column_text]\n\t<div class=\"title-subtitle-box \" style=\" text-align: left;\">\n\t\t<p  style=\"\">Variedades<\/p>\n\t\t<h2 style=\" font-style: normal;\">Nuestros Blancos<\/h2>\n\t<\/div> \n\t<div class=\"gg_list list_style_line   \">\n<ul>\n<li>Verdejo<\/li>\n<li>Moscatel de Alejandr\u00eda<\/li>\n<li>Macabeo<\/li>\n<\/ul>\n<\/div>[\/vc_column_text][\/vc_column][vc_column width=\u00bb7\/12&#8243; offset=\u00bbvc_col-lg-8 vc_col-md-8&#8243; css=\u00bb.vc_custom_1460370664276{padding-left: 60px !important;}\u00bb][vc_single_image image=\u00bb1298&#8243; img_size=\u00bbfull\u00bb alignment=\u00bbright\u00bb el_class=\u00bbforce-90-width-large-screen\u00bb][\/vc_column][\/vc_row][vc_row content_placement=\u00bbmiddle\u00bb css=\u00bb.vc_custom_1521896779509{padding-top: 40px !important;padding-right: 10% !important;padding-bottom: 0px !important;padding-left: 10% !important;background-position: center !important;background-repeat: no-repeat !important;background-size: cover !important;}\u00bb el_class=\u00bbcenter-text\u00bb][vc_column width=\u00bb1\/3&#8243; css=\u00bb.vc_custom_1458045278797{padding-top: 0px !important;}\u00bb]\n\t<div class=\"counter-holder media  \" style=\"text-align:center;   \">\n\t\t\t<div class=\"counter-content media-body\">\n\t\t\t\t<span style=\" font-size:60px;\" class=\"counter\" data-number=\"1800\" data-interval=\"100\" data-speed=\"1500\">1800<\/span>\n\t\t\t\t<p >HECT\u00c1REAS DE TERRENO<\/p>\n\t\t\t<\/div>\n\t<\/div> [\/vc_column][vc_column width=\u00bb1\/3&#8243;]\n\t<div class=\"counter-holder media  \" style=\"text-align:center;   \">\n\t\t\t<div class=\"counter-content media-body\">\n\t\t\t\t<span style=\" font-size:60px;\" class=\"counter\" data-number=\"10\" data-interval=\"100\" data-speed=\"1500\">10<\/span>\n\t\t\t\t<p >MILLONES DE KG DE UVA<\/p>\n\t\t\t<\/div>\n\t<\/div> [\/vc_column][vc_column width=\u00bb1\/3&#8243;]\n\t<div class=\"counter-holder media  \" style=\"text-align:center;   \">\n\t\t\t<div class=\"counter-content media-body\">\n\t\t\t\t<span style=\" font-size:60px;\" class=\"counter\" data-number=\"7\" data-interval=\"100\" data-speed=\"1500\">7<\/span>\n\t\t\t\t<p >MILLONES DE LITROS DE VINO<\/p>\n\t\t\t<\/div>\n\t<\/div> [\/vc_column][\/vc_row][vc_row equal_height=\u00bbyes\u00bb content_placement=\u00bbmiddle\u00bb css=\u00bb.vc_custom_1521892608374{padding-top: 40px !important;padding-bottom: 40px !important;}\u00bb][vc_column css=\u00bb.vc_custom_1460370846525{margin-top: 0px !important;margin-right: 0px !important;margin-bottom: 0px !important;margin-left: 0px !important;padding-top: 0px !important;padding-right: 0px !important;padding-bottom: 0px !important;padding-left: 0px !important;}\u00bb offset=\u00bbvc_col-lg-6 vc_col-md-6&#8243;][vc_single_image image=\u00bb1329&#8243; img_size=\u00bbfull\u00bb css=\u00bb.vc_custom_1521896529329{margin-top: 0px !important;margin-right: 0px !important;margin-bottom: 0px !important;margin-left: 0px !important;padding-top: 0px !important;padding-right: 0px !important;padding-bottom: 0px !important;padding-left: 0px !important;}\u00bb][\/vc_column][vc_column css=\u00bb.vc_custom_1520768588012{padding-top: 15% !important;padding-right: 15% !important;padding-bottom: 15% !important;padding-left: 15% !important;background-color: #f1f1f1 !important;}\u00bb offset=\u00bbvc_col-lg-6 vc_col-md-6&#8243;][vc_column_text]<\/p>\n<h4 style=\"text-align: right;\">Vinos Excelentes y Exclusivos<\/h4>\n<p style=\"text-align: right;\">Recientemente hemos instalado una l\u00ednea de embotellado con la intenci\u00f3n de ofrecer al consumidor final una peque\u00f1a parte de nuestros vinos. Debido a la naturaleza de nuestra empresa y al dimensionamiento de las instalaciones, destinamos solamente un\u00a0 peque\u00f1o porcentaje de nuestra producci\u00f3n al embotellado (menos del 0,5%), con lo que s\u00f3lo usaremos las mejores uvas para ofrecer vinos excelentes y exclusivos, los cuales son comercializados bajo la marca HIBETA ( Hijos de Benito el Taxista).<\/p>\n<p>[\/vc_column_text][\/vc_column][\/vc_row][vc_row full_width=\u00bbstretch_row_content_no_spaces\u00bb css=\u00bb.vc_custom_1521914596846{padding-top: 50px !important;padding-bottom: 70px !important;}\u00bb][vc_column][vc_media_grid element_width=\u00bb3&#8243; gap=\u00bb0&#8243; grid_id=\u00bbvc_gid:1617871996019-8559a0654a3b0acfa519282a08e46244-7&#8243; include=\u00bb1166,1156,1286,1287&#8243; css=\u00bb.vc_custom_1521914144248{margin-bottom: 0px !important;}\u00bb][\/vc_column][\/vc_row][vc_row css=\u00bb.vc_custom_1521915180954{padding-bottom: 80px !important;}\u00bb el_id=\u00bbservicios\u00bb][vc_column width=\u00bb1\/2&#8243;]\n\t<div class=\"title-subtitle-box \" style=\" text-align: left;\">\n\t\t<p  style=\" color:#b0976d; \">SERVICIOS AGR\u00cdCOLAS<\/p>\n\t\t<h1 style=\" font-style: normal;\">Desde la Plantaci\u00f3n a la Vendimia<\/h1>\n\t<\/div> [vc_column_text]El disponer de la mejor tecnolog\u00eda y de un equipo de profesionales estable y perfectamente preparado para realizar los trabajos propios del cultivo de la vid, hace que seamos una empresa referente en el sector. Podemos realizar cualquier tipo de trabajo agr\u00edcola propio de la vi\u00f1a, desde la plantaci\u00f3n hasta la vendimia.[\/vc_column_text][\/vc_column][vc_column width=\u00bb1\/2&#8243;][vc_single_image image=\u00bb1233&#8243; img_size=\u00bbfull\u00bb alignment=\u00bbcenter\u00bb][\/vc_column][\/vc_row][vc_row css=\u00bb.vc_custom_1521458912355{padding-top: 30px !important;padding-bottom: 0px !important;}\u00bb el_class=\u00bbsostenibilidad\u00bb][vc_column width=\u00bb1\/2&#8243;][vc_single_image image=\u00bb1269&#8243; img_size=\u00bbfull\u00bb alignment=\u00bbcenter\u00bb][\/vc_column][vc_column width=\u00bb1\/2&#8243;]\n\t<div class=\"title-subtitle-box \" style=\" text-align: left;\">\n\t\t<p  style=\" color:#b0976d; \">SOSTENIBILIDAD<\/p>\n\t\t<h1 style=\" font-style: normal;\">Minimizamos nuestro impacto medioambiental<\/h1>\n\t<\/div> [vc_column_text]Nuestras t\u00e9cnicas de cultivo son ecol\u00f3gicas, no empleamos productos qu\u00edmicos de s\u00edntesis e intentamos reducir el consumo de combustible. Adem\u00e1s, en el a\u00f1o 1996 comenzamos a reforestar las tierras yermas de nuestra explotaci\u00f3n, existiendo actualmente una importante cobertura forestal en m\u00e1s de 100 hect\u00e1reas. En la bodega hemos reducido el empleo de productos enol\u00f3gicos y el consumo de agua, y parte de los subprodcutos obtenidos en la elaboraci\u00f3n son compostados, con lo que se pueden aplicar a la vi\u00f1a como fertilizante.[\/vc_column_text][\/vc_column][\/vc_row][vc_row css=\u00bb.vc_custom_1521458954964{padding-bottom: 0px !important;}\u00bb el_id=\u00bbgaleria\u00bb][vc_column][vc_text_separator title=\u00bbGALER\u00cdA DE IM\u00c1GENES\u00bb color=\u00bbblack\u00bb][vc_media_grid style=\u00bbpagination\u00bb items_per_page=\u00bb4&#8243; element_width=\u00bb3&#8243; gap=\u00bb2&#8243; item=\u00bbmediaGrid_SimpleOverlay\u00bb grid_id=\u00bbvc_gid:1617871997086-e930eaeea570fea1da3425daf970cb7c-8&#8243; include=\u00bb1367,1370,1372,1365,1368,1279,1281,1282,1283,1284,1278,1366,1369,1371&#8243;][\/vc_column][\/vc_row][vc_row el_id=\u00bbenoturismo\u00bb][vc_column]\n\t<div class=\"title-subtitle-box \" style=\" text-align: center;\">\n\t\t<h1 style=\" font-style: normal;\">ENOTURISMO<\/h1>\n\t<\/div> [vc_separator color=\u00bbcustom\u00bb accent_color=\u00bb#b0976d\u00bb]\n\t<div class=\"gg-infobox \" style=\"text-align:left;\">\n\t\t<p class=\"subtitle\" >Visitas guiadas a nuestra bodega<\/p>\n\t\t<div class=\"description\" ><h3 style=\"text-align: center;\">Las visitas quedan suspendidas temporalmente por la situaci\u00f3n en que nos encontramos.<\/h3>\n<h3 style=\"text-align: center;\">Esperamos volver pronto para seguir ense\u00f1ando nuestra pasi\u00f3n por el vino.<\/h3>\n<\/div>\n\t<\/div> [vc_separator color=\u00bbcustom\u00bb accent_color=\u00bb#b0976d\u00bb][vc_row_inner][vc_column_inner width=\u00bb1\/2&#8243;]\n\t<div class=\"title-subtitle-box \" style=\" text-align: left;\">\n\t\t<p  style=\" color:#b0976d; \">NUEVO PROYECTO<\/p>\n\t\t<h1 style=\" font-style: normal;\">Fosos de descarga y solera para colocaci\u00f3n de Autovaciantes<\/h1>\n\t<\/div> [\/vc_column_inner][vc_column_inner width=\u00bb1\/2&#8243;][vc_single_image image=\u00bb1392&#8243; img_size=\u00bb600&#215;300&#8243;][\/vc_column_inner][\/vc_row_inner][\/vc_column][\/vc_row][vc_row full_width=\u00bbstretch_row\u00bb content_placement=\u00bbmiddle\u00bb css=\u00bb.vc_custom_1520769076078{background-image: url(https:\/\/gonzalezcabezas.com\/wp-content\/uploads\/2018\/03\/MUSEO-1.jpg?id=1213) !important;background-position: center !important;background-repeat: no-repeat !important;background-size: cover !important;}\u00bb el_class=\u00bbcenter-text\u00bb][vc_column css=\u00bb.vc_custom_1520769817097{padding-top: 35px !important;padding-right: 30px !important;padding-bottom: 35px !important;padding-left: 30px !important;background-color: rgba(255,255,255,0.85) !important;*background-color: rgb(255,255,255) !important;}\u00bb offset=\u00bbvc_col-lg-offset-3 vc_col-lg-6 vc_col-md-12&#8243;]\n\t<div class=\"title-subtitle-box \" style=\" text-align: center;\">\n\t\t<p  style=\" color:#b0976d; \">MUSEO PROPIO<\/p>\n\t\t<h1 style=\" font-style: normal;\">Visita nuestro Museo<\/h1>\n\t<\/div> [vc_separator color=\u00bbcustom\u00bb accent_color=\u00bb#b0976d\u00bb][vc_column_text css=\u00bb.vc_custom_1521892496390{margin-top: 0px !important;}\u00bb]<\/p>\n<p style=\"text-align: center;\">Hemos creado dentro de nuestras instalaciones un peque\u00f1o museo del vino, con el que los aficionados y no aficionados a la enolog\u00eda puedan comprender como se realiza todo el proceso y ver c\u00f3mo ha evolucionado en el tiempo, el cual podr\u00e1s visitar en breve.<\/p>\n<p>[\/vc_column_text][\/vc_column][\/vc_row]<\/p>\n<\/div>","protected":false},"excerpt":{"rendered":"<p>[vc_row full_width=\u00bbstretch_row_content_no_spaces\u00bb equal_height=\u00bbyes\u00bb content_placement=\u00bbmiddle\u00bb css=\u00bb.vc_custom_1521895569843{padding-top: 0% !important;padding-bottom: 30px !important;background-position: center !important;background-repeat: no-repeat !important;background-size: contain !important;}\u00bb el_class=\u00bbgg-force-background-left\u00bb][vc_column offset=\u00bbvc_col-lg-6 vc_col-md-6&#8243; css=\u00bb.vc_custom_1521895471109{padding-top: 0% !important;}\u00bb][vc_single_image image=\u00bb1322&#8243; img_size=\u00bbfull\u00bb css=\u00bb.vc_custom_1521895795723{margin-bottom: 0px !important;}\u00bb][\/vc_column][vc_column css=\u00bb.vc_custom_1520763680116{margin-bottom: 0px !important;padding-top: 20% !important;padding-right: 20% !important;padding-bottom: 20% !important;padding-left: 30px !important;}\u00bb offset=\u00bbvc_col-lg-6 vc_col-md-6&#8243;][vc_column_text][vc_column_text]Viticultores por naturaleza y de abuelos agricultores, la Familia Gonz\u00e1lez Cabezas adquiri\u00f3 su primera vi\u00f1a en la<br class=\"read-more-spacer\"> <a class=\"more-link\" href=\"https:\/\/gonzalezcabezas.com\/\">Read More<\/a><\/p>\n","protected":false},"author":1,"featured_media":0,"parent":0,"menu_order":0,"comment_status":"closed","ping_status":"closed","template":"","meta":{"_acf_changed":false,"footnotes":""},"class_list":["post-193","page","type-page","status-publish","hentry"],"acf":[],"_links":{"self":[{"href":"https:\/\/gonzalezcabezas.com\/index.php?rest_route=\/wp\/v2\/pages\/193","targetHints":{"allow":["GET"]}}],"collection":[{"href":"https:\/\/gonzalezcabezas.com\/index.php?rest_route=\/wp\/v2\/pages"}],"about":[{"href":"https:\/\/gonzalezcabezas.com\/index.php?rest_route=\/wp\/v2\/types\/page"}],"author":[{"embeddable":true,"href":"https:\/\/gonzalezcabezas.com\/index.php?rest_route=\/wp\/v2\/users\/1"}],"replies":[{"embeddable":true,"href":"https:\/\/gonzalezcabezas.com\/index.php?rest_route=%2Fwp%2Fv2%2Fcomments&post=193"}],"version-history":[{"count":236,"href":"https:\/\/gonzalezcabezas.com\/index.php?rest_route=\/wp\/v2\/pages\/193\/revisions"}],"predecessor-version":[{"id":1512,"href":"https:\/\/gonzalezcabezas.com\/index.php?rest_route=\/wp\/v2\/pages\/193\/revisions\/1512"}],"wp:attachment":[{"href":"https:\/\/gonzalezcabezas.com\/index.php?rest_route=%2Fwp%2Fv2%2Fmedia&parent=193"}],"curies":[{"name":"wp","href":"https:\/\/api.w.org\/{rel}","templated":true}]}}